860505033 composite?
False
Is 1544580097 prime?
False
Is 11472427471 composite?
False
Is 12161241487 a prime number?
True
Is 14220481699 composite?
True
Is 2414885021 prime?
False
Is 2469167219 prime?
True
Is 1199511671 a prime number?
True
Is 656471321 a composite number?
True
Is 10402726751 a prime number?
False
Is 3242778131 composite?
True
Is 79273494521 composite?
True
Is 1222013267 a composite number?
False
Is 56599692901 composite?
False
Is 1554999379 a prime number?
True
Is 13130506421 a prime number?
True
Is 91106358305 a composite number?
True
Is 938774869 a prime number?
True
Is 15513361561 prime?
True
Is 7724155507 prime?
True
Is 7769339987 prime?
False
Is 53652171629 composite?
True
Is 6540937871 prime?
False
Is 77201492965 composite?
True
Is 1132563049 a prime number?
False
Is 9480776273 prime?
False
Is 706988705 a prime number?
False
Is 141449981 a composite number?
False
Is 16393398653 a prime number?
False
Is 68787037703 prime?
True
Is 23852930111 a composite number?
False
Is 16630076677 prime?
False
Is 1042303289 prime?
True
Is 13371686269 a composite number?
True
Is 27286086349 a prime number?
True
Is 10657612099 prime?
False
Is 3013642163 prime?
False
Is 4334356813 prime?
False
Is 6258751151 a prime number?
False
Is 30831249601 prime?
True
Is 67443047143 composite?
False
Is 24302581 prime?
True
Is 16872929083 prime?
True
Is 332489163 a prime number?
False
Is 1803802181 a composite number?
True
Is 1796063339 composite?
True
Is 3602392487 composite?
True
Is 14435841811 a prime number?
True
Is 4306912547 a prime number?
False
Is 10225441949 a prime number?
True
Is 28546447933 composite?
True
Is 8061527581 a composite number?
False
Is 29087727743 prime?
False
Is 45092457667 composite?
False
Is 4938338117 prime?
False
Is 12073056235 composite?
True
Is 52719192919 a composite number?
True
Is 79260725759 a prime number?
False
Is 1684398629 a prime number?
False
Is 30480429277 composite?
False
Is 511102649 a composite number?
True
Is 7654636403 a prime number?
True
Is 5993954663 a prime number?
False
Is 3429433703 prime?
False
Is 84762201 prime?
False
Is 86334102695 composite?
True
Is 4021676383 a prime number?
False
Is 5810825851 a prime number?
True
Is 40277353299 prime?
False
Is 107800082791 a composite number?
False
Is 63308684449 a composite number?
False
Is 11715262519 a composite number?
True
Is 1171391237 a prime number?
False
Is 149900027 a composite number?
False
Is 374129603 a composite number?
True
Is 9019135867 prime?
False
Is 404519719 prime?
True
Is 41137551547 composite?
False
Is 73383243751 a composite number?
True
Is 13196356867 prime?
False
Is 9508547319 composite?
True
Is 476130761 composite?
True
Is 187810080899 a composite number?
True
Is 2005915889 a prime number?
True
Is 7683050877 a composite number?
True
Is 32400043331 prime?
True
Is 207589073 a prime number?
True
Is 1327974077 prime?
False
Is 181262629 a prime number?
False
Is 95509793 composite?
True
Is 1140980567 composite?
False
Is 8260087166 composite?
True
Is 143124661 composite?
True
Is 8677502497 prime?
True
Is 14523325701 a prime number?
False
Is 12215915599 a prime number?
True
Is 442821247 a prime number?
False
Is 15703958201 composite?
True
Is 954814063 a composite number?
True
Is 397272241 a composite number?
True
Is 593141599 composite?
False
Is 102566623 composite?
False
Is 3366433 prime?
False
Is 12662305906 a prime number?
False
Is 762134441 a composite number?
True
Is 1405486661 a prime number?
True
Is 677207849 a composite number?
False
Is 447598343 prime?
False
Is 52146719 composite?
False
Is 518081461 a prime number?
True
Is 8531575243 composite?
False
Is 549914639 a composite number?
False
Is 3751525697 composite?
True
Is 364556081 a prime number?
True
Is 2607256321 a prime number?
True
Is 4117001597 composite?
False
Is 3812973239 composite?
False
Is 2586117377 prime?
False
Is 261061111 prime?
True
Is 2380562809 a composite number?
False
Is 1372910647 composite?
True
Is 7548634529 a prime number?
False
Is 85863677 a prime number?
True
Is 1698985646 prime?
False
Is 184922592259 composite?
False
Is 677029469 composite?
False
Is 11402396503 a composite number?
True
Is 273464561 a prime number?
True
Is 8609592601 a composite number?
False
Is 19589915663 composite?
True
Is 83105178439 composite?
True
Is 2082772829 a composite number?
False
Is 6269412283 a prime number?
True
Is 5348935621 a composite number?
False
Is 18693269011 composite?
True
Is 18160321523 prime?
True
Is 400061159 a prime number?
True
Is 337254059 composite?
False
Is 53169671327 a composite number?
False
Is 16519134407 prime?
True
Is 1370511409 prime?
True
Is 2298721483 a composite number?
False
Is 411549917 composite?
False
Is 3358081693 composite?
False
Is 381135749 a composite number?
False
Is 86305954057 a prime number?
False
Is 2052183713 composite?
True
Is 1266361147 a prime number?
True
Is 1378549327 a composite number?
True
Is 11697047431 a composite number?
False
Is 36064032341 a composite number?
False
Is 553582217 composite?
False
Is 467221357 prime?
True
Is 475377937 composite?
True
Is 6029947309 a composite number?
True
Is 4206379433 a composite number?
True
Is 1245709693 prime?
False
Is 385104211 composite?
True
Is 4876360205 composite?
True
Is 797768009 composite?
True
Is 659752333 composite?
True
Is 610850621 a composite number?
False
Is 14312536753 a prime number?
False
Is 387291194 prime?
False
Is 154815109 composite?
False
Is 76834861 a prime number?
False
Is 1410835793 a composite number?
False
Is 10744598981 a prime number?
True
Is 535563337 a composite number?
False
Is 85566686633 composite?
False
Is 873896921 prime?
True
Is 10827577357 composite?
False
Is 11851602179 a composite number?
False
Is 2809904681 composite?
True
Is 183336612059 a prime number?
False
Is 4536961031 a prime number?
True
Is 5842797497 a composite number?
False
Is 111575165411 composite?
False
Is 3593542427 a composite number?
True
Is 1058060327 a prime number?
True
Is 24712736857 a composite number?
False
Is 338972933851 composite?
True
Is 1399966247 a prime number?
True
Is 4721293099 a composite number?
True
Is 563569285 prime?
False
Is 20975490659 a prime number?
True
Is 1143068249 a composite number?
False
Is 196229655481 a composite number?
False
Is 2015189713 a composite number?
False
Is 67555679 a prime number?
True
Is 99557567 a prime number?
True
Is 854369533 a composite number?
False
Is 2051934229 a prime number?
False
Is 11678461793 composite?
False
Is 15638126327 a composite number?
True
Is 22910327039 composite?
True
Is 17085622969 prime?
False
Is 76939757 composite?
False
Is 1958954351 a prime number?
True
Is 152227214237 a prime number?
False
Is 210384137 prime?
True
Is 7788228331 a prime number?
False
Is 1633985501 prime?
True
Is 3622922779 prime?
False
Is 1965318529 composite?
True
Is 139701367969 prime?
False
Is 94845462727 a composite number?
False
Is 2136868243 composite?
False
Is 805943521 a prime number?
True
Is 3047263487 a prime number?
True
Is 9977689889 a composite number?
False
Is 209516633 a composite number?
False
Is 2796982787 a composite number?
False
Is 382113649 a composite number?
False
Is 83689833 composite?
True
Is 5142744697 a prime number?
False
Is 2079607373 composite?
False
Is 15024666659 a composite number?
True
Is 3113152619 prime?
False
Is 629564318 prime?
False
Is 4353573283 a prime number?
False
Is 16833673187 prime?
True
Is 1351298735 a prime number?
False
Is 19877177 a composite number?
True
Is 899349329 a composite number?
True
Is 877909447 a prime number?
True
Is 9618641387 a prime number?
True
Is 2151893693 prime?
False
Is 3904493611 a composite number?
True
Is 500250431 a prime number?
False
Is 756340709 prime?
False
Is 137297591447 prime?
True
Is 3089793347 a composite number?
False
Is 44383109 a prime number?
True
Is 12096751181 composite?
True
Is 2682489401 a prime number?
False
Is 15026873 prime?
False
Is 1782349493 composite?
False
Is 9237728219 composite?
True
Is 18429379183 prime?
False
Is 2628185179 prime?
False
Is 10332248477 a composite number?
True
Is 3874327 composite?
True
Is 720161657 prime?
True
Is 1782111187 composite?
True
Is 3444856361 prime?
True
Is 581421979 a prime number?
True
Is 185002529 a composit